{"id":86,"date":"2023-02-09T08:55:55","date_gmt":"2023-02-09T07:55:55","guid":{"rendered":"https:\/\/ladantine.fr\/?page_id=86"},"modified":"2023-02-09T08:58:13","modified_gmt":"2023-02-09T07:58:13","slug":"le-soutien-des-institutions","status":"publish","type":"page","link":"https:\/\/ladantine.fr\/?page_id=86","title":{"rendered":"Le soutien des institutions"},"content":{"rendered":"<p>[et_pb_section fb_built=\u00a0\u00bb1&Prime; _builder_version=\u00a0\u00bb4.19.1&Prime; _module_preset=\u00a0\u00bbdefault\u00a0\u00bb custom_padding=\u00a0\u00bb0px|||||\u00a0\u00bb global_colors_info=\u00a0\u00bb{}\u00a0\u00bb][et_pb_row _builder_version=\u00a0\u00bb4.19.1&Prime; _module_preset=\u00a0\u00bbdefault\u00a0\u00bb custom_margin=\u00a0\u00bb|auto|98px|auto||\u00a0\u00bb border_color_all=\u00a0\u00bbRGBA(255,255,255,0)\u00a0\u00bb global_colors_info=\u00a0\u00bb{}\u00a0\u00bb][et_pb_column type=\u00a0\u00bb4_4&Prime; _builder_version=\u00a0\u00bb4.19.1&Prime; _module_preset=\u00a0\u00bbdefault\u00a0\u00bb global_colors_info=\u00a0\u00bb{}\u00a0\u00bb][et_pb_text _builder_version=\u00a0\u00bb4.19.1&Prime; _module_preset=\u00a0\u00bbdefault\u00a0\u00bb text_text_color=\u00a0\u00bb#000000&Prime; header_font=\u00a0\u00bb|700|||||||\u00a0\u00bb header_text_align=\u00a0\u00bbcenter\u00a0\u00bb header_font_size=\u00a0\u00bb38px\u00a0\u00bb header_2_font=\u00a0\u00bbArchivo Black||||||||\u00a0\u00bb header_2_text_color=\u00a0\u00bb#ffab31&Prime; header_2_font_size=\u00a0\u00bb32px\u00a0\u00bb custom_padding=\u00a0\u00bb40px|||||\u00a0\u00bb hover_enabled=\u00a0\u00bb0&Prime; global_colors_info=\u00a0\u00bb{}\u00a0\u00bb sticky_enabled=\u00a0\u00bb0&Prime;]<\/p>\n<h2 style=\"text-align: center;\"><strong>Le soutien des institutions<\/strong><\/h2>\n<p>&nbsp;<\/p>\n<blockquote><\/blockquote>\n<p><span style=\"font-weight: 400;\">Catapult\u00e9 par <\/span><a href=\"https:\/\/adress-normandie.org\/\"><span style=\"font-weight: 400;\">l\u2019ADRESS<\/span><\/a><span style=\"font-weight: 400;\"> et en r\u00e9sidence aupr\u00e8s de <\/span><a href=\"https:\/\/www.logeo-seine.fr\/\"><span style=\"font-weight: 400;\">LOG\u00c9O SEINE<\/span><\/a><span style=\"font-weight: 400;\">, le projet a le soutien de la <\/span><a href=\"https:\/\/www.normandie.fr\/\"><span style=\"font-weight: 400;\">R\u00e9gion<\/span><\/a><span style=\"font-weight: 400;\">, et notamment via le dispositif France Relance et \u00c9mergence ESS, le soutien du d\u00e9partement de la Seine-Maritime, et la reconnaissance du<\/span><a href=\"https:\/\/www.lehavreseinemetropole.fr\/\"><span style=\"font-weight: 400;\"> Havre Seine M\u00e9tropole<\/span><\/a><span style=\"font-weight: 400;\"> comme partenaire du PAT (Plan Alimentaire Territorial)<\/span><\/p>\n<p>&nbsp;<\/p>\n<p><span style=\"font-weight: 400;\">En lien avec le <\/span><a href=\"https:\/\/www.crous-normandie.fr\/\"><span style=\"font-weight: 400;\">CROUS<\/span><\/a><span style=\"font-weight: 400;\"> et <\/span><a href=\"https:\/\/fedlh.fr\/agorae\/\"><span style=\"font-weight: 400;\">AGORA\u00e9<\/span><\/a><span style=\"font-weight: 400;\"> pour son apport p\u00e9dagogique et social aupr\u00e8s des \u00e9tudiants, nous travaillons aussi en \u00e9troite collaboration avec <\/span><a href=\"https:\/\/afev.org\/normandie\/havre\"><span style=\"font-weight: 400;\">l\u2019AFEV<\/span><\/a><span style=\"font-weight: 400;\"> et l\u2019association <\/span><a href=\"https:\/\/familibulle.fr\/\"><span style=\"font-weight: 400;\">Famili\u2019Bulles<\/span><\/a><\/p>\n<p>&nbsp;<\/p>\n<p><span style=\"font-weight: 400;\">Impliqu\u00e9 avec le <\/span><a href=\"https:\/\/www.reseaucocagne.org\/\"><span style=\"font-weight: 400;\">r\u00e9seau Cocagne<\/span><\/a><span style=\"font-weight: 400;\"> et <\/span><a href=\"https:\/\/www.graineenmain.org\/\"><span style=\"font-weight: 400;\">Graine en main<\/span><\/a><span style=\"font-weight: 400;\">, nous avons rejoint le <\/span><a href=\"https:\/\/travail-transitions.fr\/qui-sommes-nous\/mouvement-des-cuisines-nourricieres\/\"><span style=\"font-weight: 400;\">Mouvement des cuisines nourrici\u00e8res<\/span><\/a><span style=\"font-weight: 400;\"> notamment incarn\u00e9 par <\/span><a href=\"https:\/\/www.gillesdaveau.com\/\"><span style=\"font-weight: 400;\">Gilles Daveau<\/span><\/a><span style=\"font-weight: 400;\"> qui nous a form\u00e9 au <\/span><a href=\"https:\/\/www.lyceejuleslecesne.fr\/\"><span style=\"font-weight: 400;\">Lyc\u00e9e H\u00f4telier Jules Lecesne<\/span><\/a><span style=\"font-weight: 400;\">; lyc\u00e9e o\u00f9 se d\u00e9roule d\u00e9sormais tous les ans le Festiv\u2019Halles donc nous nous sommes par ailleurs partenaires.<\/span><\/p>\n<p>[\/et_pb_text][\/et_pb_column][\/et_pb_row][\/et_pb_section]<\/p>\n","protected":false},"excerpt":{"rendered":"<p>Le soutien des institutions &nbsp; Catapult\u00e9 par l\u2019ADRESS et en r\u00e9sidence aupr\u00e8s de LOG\u00c9O SEINE, le projet a le soutien de la R\u00e9gion, et notamment via le dispositif France Relance et \u00c9mergence ESS, le soutien du d\u00e9partement de la Seine-Maritime, et la reconnaissance du Havre Seine M\u00e9tropole comme partenaire du PAT (Plan Alimentaire Territorial) &nbsp; [&hellip;]<\/p>\n","protected":false},"author":1,"featured_media":0,"parent":0,"menu_order":0,"comment_status":"closed","ping_status":"closed","template":"","meta":{"_et_pb_use_builder":"on","_et_pb_old_content":"","_et_gb_content_width":"","footnotes":""},"class_list":["post-86","page","type-page","status-publish","hentry"],"acf":[],"_links":{"self":[{"href":"https:\/\/ladantine.fr\/index.php?rest_route=\/wp\/v2\/pages\/86","targetHints":{"allow":["GET"]}}],"collection":[{"href":"https:\/\/ladantine.fr\/index.php?rest_route=\/wp\/v2\/pages"}],"about":[{"href":"https:\/\/ladantine.fr\/index.php?rest_route=\/wp\/v2\/types\/page"}],"author":[{"embeddable":true,"href":"https:\/\/ladantine.fr\/index.php?rest_route=\/wp\/v2\/users\/1"}],"replies":[{"embeddable":true,"href":"https:\/\/ladantine.fr\/index.php?rest_route=%2Fwp%2Fv2%2Fcomments&post=86"}],"version-history":[{"count":2,"href":"https:\/\/ladantine.fr\/index.php?rest_route=\/wp\/v2\/pages\/86\/revisions"}],"predecessor-version":[{"id":88,"href":"https:\/\/ladantine.fr\/index.php?rest_route=\/wp\/v2\/pages\/86\/revisions\/88"}],"wp:attachment":[{"href":"https:\/\/ladantine.fr\/index.php?rest_route=%2Fwp%2Fv2%2Fmedia&parent=86"}],"curies":[{"name":"wp","href":"https:\/\/api.w.org\/{rel}","templated":true}]}}